est common factor of 5559799 and 133.
133
Calculate the highest common divisor of 13524 and 68.
4
Calculate the highest common divisor of 641823 and 117.
39
What is the greatest common divisor of 44109 and 2223?
117
What is the highest common factor of 18447 and 12012?
429
Calculate the highest common divisor of 23026 and 638.
58
Calculate the greatest common factor of 780456 and 3.
3
What is the greatest common factor of 91 and 113347?
13
What is the highest common factor of 34422 and 6?
6
What is the greatest common factor of 8028 and 5280417?
2007
What is the greatest common factor of 14813340 and 24?
12
What is the greatest common factor of 28602 and 2268?
126
Calculate the highest common factor of 296 and 2776.
8
What is the greatest common factor of 165016 and 8?
8
What is the highest common divisor of 60 and 75380?
20
Calculate the greatest common divisor of 79266 and 462.
66
What is the greatest common divisor of 58 and 171883?
29
What is the greatest common divisor of 2109 and 912?
57
Calculate the greatest common divisor of 3003 and 105.
21
Calculate the highest common divisor of 280 and 346325.
35
Calculate the highest common factor of 43210 and 7830.
290
What is the greatest common divisor of 3822 and 1330?
14
What is the highest common factor of 9344 and 519176?
584
Calculate the highest common factor of 1222 and 702.
26
Calculate the highest common factor of 162112 and 102.
34
Calculate the highest common factor of 14475 and 50925.
75
Calculate the greatest common factor of 171 and 32927.
19
Calculate the greatest common factor of 105282 and 18.
18
What is the greatest common divisor of 1946 and 546?
14
Calculate the highest common divisor of 52728 and 56.
8
What is the highest common factor of 77518 and 242837?
791
What is the greatest common divisor of 756 and 49644?
252
What is the highest common divisor of 813542 and 3252?
542
What is the greatest common divisor of 2865 and 5539?
191
Calculate the highest common factor of 3632 and 8399.
227
Calculate the highest common divisor of 36611 and 403.
31
What is the greatest common divisor of 307 and 177139?
307
Calculate the highest common factor of 521 and 6627641.
521
What is the greatest common factor of 151677 and 36?
9
What is the greatest common divisor of 425 and 1543175?
425
Calculate the greatest common divisor of 18592 and 63.
7
What is the highest common factor of 178470 and 5310?
90
What is the highest common factor of 3486 and 31623?
249
Calculate the greatest common divisor of 927 and 61697.
103
What is the greatest common factor of 768920 and 940?
940
Calculate the greatest common factor of 49128 and 324.
12
Calculate the greatest common factor of 46944 and 14544.
144
What is the highest common factor of 97 and 98?
1
What is the highest common divisor of 660 and 155452?
44
What is the highest common factor of 114 and 237994?
38
Calculate the greatest common factor of 84 and 4305.
21
What is the greatest common factor of 605583 and 81?
27
What is the greatest common divisor of 3273 and 291?
3
Calculate the greatest common divisor of 99807 and 2040.
51
What is the highest common factor of 210 and 25816?
14
Calculate the greatest common factor of 92 and 1014001.
23
Calculate the highest common divisor of 776809 and 22.
11
What is the greatest common divisor of 80477 and 2645?
23
Calculate the highest common divisor of 195 and 18993.
39
What is the greatest common divisor of 1274 and 6721?
13
Calculate the highest common divisor of 1215 and 3035.
5
What is the highest common factor of 9 and 9991134?
9
What is the greatest common divisor of 24618471 and 57?
57
What is the greatest common divisor of 1696 and 60897?
53
What is the greatest common divisor of 29 and 645337?
29
What is the greatest common divisor of 1334 and 19604?
58
What is the highest common factor of 5890 and 20?
10
What is the highest common factor of 2178 and 997920?
198
Calculate the greatest common divisor of 13 and 1949.
1
What is the highest common factor of 1192 and 188?
4
What is the highest common divisor of 63772 and 36952?
596
Calculate the greatest common factor of 31310 and 527.
31
What is the greatest common divisor of 3094 and 5746?
442
Calculate the highest common factor of 10 and 641140.
10
What is the highest common divisor of 821 and 4053277?
821
Calculate the highest common divisor of 60 and 8310.
30
Calculate the greatest common factor of 26800 and 2278.
134
What is the highest common factor of 14973 and 91?
7
What is the greatest common factor of 147 and 1264200?
147
What is the highest common divisor of 3 and 183795?
3
Calculate the greatest common divisor of 18 and 1712538.
18
What is the highest common divisor of 10086 and 42066?
246
Calculate the highest common divisor of 256 and 2528.
32
What is the highest common divisor of 435744 and 3456?
288
What is the highest common divisor of 1034 and 89018?
94
What is the highest common factor of 22352 and 2816?
176
Calculate the greatest common divisor of 412467 and 825.
33
What is the highest common factor of 21 and 4115937?
21
What is the highest common factor of 1698 and 2682?
6
What is the greatest common factor of 48 and 1097604?
12
What is the highest common divisor of 350 and 28091?
7
Calculate the highest common divisor of 8 and 821.
1
Calculate the highest common factor of 10191 and 4029.
237
Calculate the highest common factor of 17595 and 842605.
1955
What is the greatest common divisor of 70 and 2947?
7
What is the highest common factor of 205505 and 115?
115
Calculate the greatest common divisor of 565960 and 60.
20
Calculate the highest common factor of 684 and 3942.
18
Calculate the greatest common divisor of 27365 and 715.
65
What is the highest common factor of 22 and 11209?
11
What is the greatest common factor of 5 and 7415?
5
Calculate the highest common divisor of 3105 and 1005.
15
Calculate the highest common factor of 5904 and 617337.
369
What is the highest common divisor of 5634 and 86?
2
What is the greatest common divisor of 23987 and 72625?
83
Calculate the greatest common factor of 14839 and 1988.
71
What is the greatest common factor of 2144 and 338082?
134
Calculate the highest common divisor of 3774 and 65858.
34
What is the highest common factor of 198 and 274263?
33
Calculate the greatest common factor of 13608 and 9234.
486
What is the greatest common factor of 1303692 and 12?
12
What is the highest common factor of 21 and 31509?
3
What is the highest common factor of 107116 and 976?
244
What is the highest common divisor of 11605 and 1375?
55
Calculate the greatest common factor of 33830 and 68.
34
Calculate the greatest common divisor of 14 and 32158.
14
Calculate the highest common divisor of 501 and 618.
3
Calculate the greatest common factor of 903492 and 90.
18
What is the highest common factor of 455510 and 404?
202
What is the highest common divisor of 5543 and 2169?
241
Calculate the greatest common factor of 230556 and 132.
12
What is the greatest common divisor of 208964 and 306?
34
What is the highest common factor of 372906 and 24?
6
What is the greatest common factor of 435 and 330?
15
Calculate the greatest common factor of 226 and 16329743.
113
Calculate the highest common factor of 1024 and 95728.
16
What is the greatest common factor of 2573 and 123836?
83
Calculate the greatest common factor of 9963 and 7047.
243
What is the greatest common factor of 1186386 and 138?
138
Calculate the greatest common divisor of 7416 and 721.
103
Calculate the greatest common factor of 3150 and 45720.
90
Calculate the greatest common divisor of 15 and 24.
3
What is the greatest common factor of 36889 and 49850?
997
What is the greatest common factor of 6490 and 189685?
295
What is the highest common factor of 2752 and 196?
4
Calculate the highest common divisor of 435986 and 290.
58
What is the highest common divisor of 1581871 and 46?
23
What is the greatest common divisor of 2093 and 39?
13
What is the highest common divisor of 239825 and 362?
181
Calculate the highest common divisor of 77 and 390390.
77
What is the greatest common divisor of 1137 and 772781?
379
Calculate the greatest common factor of 300 and 3126700.
100
Calculate the greatest common divisor of 2 and 6500.
2
What is the greate